{"id":1490,"date":"2015-02-10T18:09:28","date_gmt":"2015-02-10T16:09:28","guid":{"rendered":"http:\/\/aukrug-sien.com\/?page_id=1490"},"modified":"2015-02-10T18:09:28","modified_gmt":"2015-02-10T16:09:28","slug":"gaestebuch","status":"publish","type":"page","link":"https:\/\/aukrug-sien.com\/?page_id=1490","title":{"rendered":"G\u00e4stebuch"},"content":{"rendered":"<div class=\"gwolle-gb\"><div class=\"gwolle_gb_messages_top_container gwolle-gb-messages-top-container\"><\/div>\n\t\t\t<div class=\"gwolle-gb-write-button\">\n\t\t\t\t<input type=\"button\" name=\"gwolle-gb-write-button\" class=\"button btn btn-default \" value=\"Neuen Eintrag schreiben\" aria-expanded=\"false\" \/>\n\t\t\t<\/div>\n\t\t\t<form action=\"#\" method=\"POST\" class=\"gwolle-gb-write gwolle-gb-hide gwolle-gb-float gwolle_gb_form_ajax gwolle-gb-form-ajax gwolle-gb-ajax gwolle-gb-not-logged-in\">\n\t\t\t\t<h3>Einen neuen Eintrag f\u00fcr das G\u00e4stebuch schreiben<\/h3>\n\t\t\t\t<button type=\"button\" class=\"gb-notice-dismiss\">x<span class=\"screen-reader-text\">Dieses Formular ausblenden<\/span><\/button>\n\t\t\t\n\t\t\t\t<input type=\"hidden\" name=\"gwolle_gb_function\" class=\"gwolle_gb_function\" value=\"add_entry\" \/><input type=\"hidden\" name=\"gwolle_gb_book_id\" class=\"gwolle_gb_book_id\" value=\"1\" \/><div class=\"gwolle_gb_79cfe6839e29f90e41758133d1687556\">\n\t\t\t\t<div class=\"label\"><label for=\"gwolle_gb_79cfe6839e29f90e41758133d1687556-1\" class=\"text-info\">Name <span class=\"required\">*<\/span><\/label><\/div>\n\t\t\t\t<div class=\"input\"><input class=\"wp-exclude-emoji gwolle_gb_79cfe6839e29f90e41758133d1687556\" value=\"\" type=\"text\" id=\"gwolle_gb_79cfe6839e29f90e41758133d1687556-1\" name=\"gwolle_gb_79cfe6839e29f90e41758133d1687556\" required \/><\/div>\n\t\t\t\t<div class=\"clearBoth\">&nbsp;<\/div>\n\t\t\t<\/div><div class=\"gwolle_gb_219014fe553ba51557ead8778f44cb00\">\n\t\t\t\t\t<div class=\"label\"><label for=\"gwolle_gb_219014fe553ba51557ead8778f44cb00-1\" class=\"text-info\">Stadt<\/label><\/div>\n\t\t\t\t\t<div class=\"input\"><input class=\"wp-exclude-emoji gwolle_gb_219014fe553ba51557ead8778f44cb00\" value=\"\" type=\"text\" id=\"gwolle_gb_219014fe553ba51557ead8778f44cb00-1\" name=\"gwolle_gb_219014fe553ba51557ead8778f44cb00\" \/><\/div>\n\t\t\t\t\t<div class=\"clearBoth\">&nbsp;<\/div>\n\t\t\t\t<\/div><div class=\"gwolle_gb_63a13048033372cd3b9eccea5dc7905c\">\n\t\t\t\t<div class=\"label\"><label for=\"gwolle_gb_63a13048033372cd3b9eccea5dc7905c-1\" class=\"text-info\">E-Mail <span class=\"required\">*<\/span><\/label><\/div>\n\t\t\t\t<div class=\"input\"><input class=\"gwolle_gb_63a13048033372cd3b9eccea5dc7905c\" value=\"\" type=\"email\" id=\"gwolle_gb_63a13048033372cd3b9eccea5dc7905c-1\" name=\"gwolle_gb_63a13048033372cd3b9eccea5dc7905c\" required \/><\/div>\n\t\t\t\t<div class=\"clearBoth\">&nbsp;<\/div>\n\t\t\t<\/div><div class=\"gwolle_gb_1b8de1d54b36ba33e0a29cb31d09188e\">\n\t\t\t\t<div class=\"label\"><label for=\"gwolle_gb_1b8de1d54b36ba33e0a29cb31d09188e-1\" class=\"text-info\">Website<\/label><\/div>\n\t\t\t\t<div class=\"input\"><input class=\"gwolle_gb_1b8de1d54b36ba33e0a29cb31d09188e\" value=\"\" type=\"url\" id=\"gwolle_gb_1b8de1d54b36ba33e0a29cb31d09188e-1\" name=\"gwolle_gb_1b8de1d54b36ba33e0a29cb31d09188e\" \/><\/div>\n\t\t\t\t<div class=\"clearBoth\">&nbsp;<\/div>\n\t\t\t<\/div>\n\t\t\t<div class=\"gwolle_gb_ffffd62555564b773bd19c667637422a\" style=\"display:none;overflow:hidden;\" hidden=\"true\" aria-hidden=\"true\">\n\t\t\t\t<div class=\"label\">\n\t\t\t\t\t<label for=\"gwolle_gb_ffffd62555564b773bd19c667637422a-1\" class=\"text-primary\">Hier nichts eingeben<\/label>\n\t\t\t\t\t<label for=\"gwolle_gb_dbb48bb44be3248bdea84cd8561ca993-1\" class=\"text-primary\">Hier nichts eingeben<\/label>\n\t\t\t\t<\/div>\n\t\t\t\t<div class=\"input\">\n\t\t\t\t\t<input value=\"22\" type=\"text\" id=\"gwolle_gb_ffffd62555564b773bd19c667637422a-1\" name=\"gwolle_gb_ffffd62555564b773bd19c667637422a\" class=\"gwolle_gb_ffffd62555564b773bd19c667637422a\" style=\"transform: translateY(10000px);\" \/>\n\t\t\t\t\t<input value=\"\" type=\"text\" name=\"gwolle_gb_dbb48bb44be3248bdea84cd8561ca993\" id=\"gwolle_gb_dbb48bb44be3248bdea84cd8561ca993-1\" class=\"gwolle_gb_dbb48bb44be3248bdea84cd8561ca993\" style=\"transform: translateY(10000px);\" \/>\n\t\t\t\t<\/div>\n\t\t\t\t<div class=\"clearBoth\"><\/div>\n\t\t\t<\/div>\n\t\t\t<div class=\"gwolle_gb_31d48f9f581bbd05983a4152d6144381\" style=\"display:none;overflow:hidden;\" hidden=\"true\" aria-hidden=\"true\">\n\t\t\t\t<div class=\"label\">\n\t\t\t\t\t<label for=\"gwolle_gb_31d48f9f581bbd05983a4152d6144381-1\" class=\"text-primary\">Hier nichts eingeben<\/label>\n\t\t\t\t\t<label for=\"gwolle_gb_741c2a99078ca9b99eb14fb96dc95208-1\" class=\"text-primary\">Hier nichts eingeben<\/label>\n\t\t\t\t<\/div>\n\t\t\t\t<div class=\"input\">\n\t\t\t\t\t<input value=\"44891\" type=\"text\" id=\"gwolle_gb_31d48f9f581bbd05983a4152d6144381-1\" name=\"gwolle_gb_31d48f9f581bbd05983a4152d6144381\" class=\"gwolle_gb_31d48f9f581bbd05983a4152d6144381\" style=\"transform: translateY(10000px);\" \/>\n\t\t\t\t\t<input value=\"44891\" type=\"text\"id=\"gwolle_gb_741c2a99078ca9b99eb14fb96dc95208-1\" name=\"gwolle_gb_741c2a99078ca9b99eb14fb96dc95208\" class=\"gwolle_gb_741c2a99078ca9b99eb14fb96dc95208\" style=\"transform: translateY(10000px);\" \/>\n\t\t\t\t<\/div>\n\t\t\t\t<div class=\"clearBoth\"><\/div>\n\t\t\t<\/div><div class=\"gwolle_gb_content\">\n\t\t\t\t<div class=\"label\"><label for=\"gwolle_gb_content-1\" class=\"text-info\">G\u00e4stebucheintrag <span class=\"required\">*<\/span><\/label><\/div>\n\t\t\t\t<div class=\"input\"><textarea id=\"gwolle_gb_content-1\" name=\"gwolle_gb_content\" class=\"gwolle_gb_content wp-exclude-emoji\" required ><\/textarea><\/div>\n\t\t\t\t\t<div class=\"clearBoth\">&nbsp;<\/div>\n\t\t\t\t<\/div>\n\t\t\t\t<div class=\"gwolle_gb_antispam\">\n\t\t\t\t\t<div class=\"label\">\n\t\t\t\t\t\t<label for=\"gwolle_gb_c981ba897ad4f353ff8e669a27c04b53-1\" class=\"text-info\">Frage: 12 + 7 <span class=\"required\">*<\/span><\/label>\n\t\t\t\t\t<\/div>\n\t\t\t\t\t<div class=\"input\"><input class=\"gwolle_gb_c981ba897ad4f353ff8e669a27c04b53\" value=\"\" type=\"text\" id=\"gwolle_gb_c981ba897ad4f353ff8e669a27c04b53-1\" name=\"gwolle_gb_c981ba897ad4f353ff8e669a27c04b53\" required \/>\n\t\t\t\t\t\t<\/div>\n\t\t\t\t\t\t<div class=\"clearBoth\">&nbsp;<\/div>\n\t\t\t\t\t<\/div><input type=\"hidden\" class=\"gwolle_gb_8fab374b367636f7dac86eaa2f555c5a\" id=\"gwolle_gb_8fab374b367636f7dac86eaa2f555c5a-1\" name=\"gwolle_gb_8fab374b367636f7dac86eaa2f555c5a\" value=\"ae8de6c614\" \/>\n\t\t\t<div class=\"gwolle_gb_messages_bottom_container gwolle-gb-messages-bottom-container\"><\/div>\n\n\t\t\t<noscript><div class=\"no-js\">Warnung: Dieses Formular kann nur verwendet werden, wenn in deinem Browser JavaScript aktiviert ist.<\/div><\/noscript>\n\n\t\t\t<div class=\"gwolle_gb_submit\">\n\t\t\t\t<div class=\"label gwolle-gb-invisible text-muted\">&nbsp;<\/div>\n\t\t\t\t<div class=\"input\">\n\t\t\t\t\t<input type=\"submit\" name=\"gwolle_gb_submit\" class=\"gwolle_gb_submit button btn btn-primary \" value=\"Absenden\" \/>\n\t\t\t\t\t<span class=\"gwolle_gb_submit_ajax_icon\"><\/span>\n\t\t\t\n\t\t\t\t<\/div>\n\t\t\t\t<div class=\"clearBoth\">&nbsp;<\/div>\n\t\t\t<\/div>\n\n\t\t\t<div class=\"gwolle_gb_notice\">\n\t\t\t\tMit * gekennzeichnete Felder sind Pflichtfelder.<br \/>\r\nDie E-Mail-Adresse wird nicht ver\u00f6ffentlicht.<br \/>\r\nAus Sicherheitsgr\u00fcnden speichern wir die IP-Adresse 216.73.217.24.<br \/>\r\nEs k\u00f6nnte sein, dass der Eintrag im G\u00e4stebuch erst sichtbar ist, nachdem wir ihn gepr\u00fcft haben.<br \/>\r\nWir behalten uns das Recht vor, Eintr\u00e4ge zu bearbeiten, zu l\u00f6schen oder Eintr\u00e4ge nicht zu ver\u00f6ffentlichen.<br \/>\r\nMit Absenden des G\u00e4stebucheintrages erkl\u00e4ren Sie sich mit unserer Datenschutzerkl\u00e4rung und der darin beschriebenen Datenerhebung einverstanden.\n\t\t\t<\/div><\/form><div class=\"gwolle-gb-read gwolle-gb-ajax gwolle-gb-entries-list\" data-book_id=\"1\" data-page_id=\"1\">\n\t\t<div id=\"gwolle-gb-total\" class=\"gwolle-gb-total\">1 Eintrag<\/div><!-- Gwolle-GB Entry: Default Template Loaded -->\n\t\t\t\t<div class=\"gb-entry gb-entry_1965 gb-entry-count_1 gwolle_gb_uneven gwolle-gb-uneven gwolle-gb-first\" id=\"gb-entry_1965\" data-entry_id=\"1965\">\n\t\t\t\t<article>\n\t\t\t\t\t<div class=\"gb-author-info\">\n\t\t\t\t\t\t<span class=\"gb-author-name\"><a href=\"https:\/\/aukrug-sien.com\" target=\"_blank\" rel=\"nofollow noopener noreferrer\"\n\t\t\t\t\t\t\ttitle=\"Besuche die Website von Partnerschaft Aukrug-Sien: https:\/\/aukrug-sien.com\"><i class=\"gb-moderator\">Partnerschaft Aukrug-Sien<\/i><\/a>\n\t\t\t\t\t\t<\/span>\n\t\t\t\t\t\t<span class=\"gb-datetime\">\n\t\t\t\t\t\t\t<span class=\"gb-date\"><span class=\"gb-date-wrote-text\"> schrieb am<\/span><span class=\"gb-date-text\"> 18. Januar 2026<\/span>\n\t\t\t\t\t\t\t<\/span><span class=\"gb-time\">\n\t\t\t\t\t\t\t\t\t<span class=\"gb-time-at-text\"> um<\/span>\n\t\t\t\t\t\t\t\t\t<span class=\"gb-time-text\"> 18:19<\/span>\n\t\t\t\t\t\t\t\t<\/span>\n\t\t\t\t\t\t<\/span> \n\t\t\t\t\t<\/div>\n\t\t\t\t\t<div class=\"gb-entry-content\">Herzlich Willkommen im G\u00e4stebuchbereich des Vereines &#034;Partnerschaft-Aukrug-Sien e.V.&#034;<br \/>\r\nTreten Sie mit uns in Kontakt zu den Themen:<br \/>\r\nEntwicklungshilfe<br \/>\r\nHilfe zur Selbsthilfe<br \/>\r\nUnsere Projekte<br \/>\r\n<br \/>\r\noder Hinterlassen Sie einfach Lob, Kritik und\/oder Anregungen.<br \/>\r\nWir freuen uns auf einen lebendigen Dialog.<br \/>\r\n<br \/>\r\nViele Gr\u00fc\u00dfe<br \/>\r\nDas Team vom Partnerschaftsverein Aukrug-Sien e.V.\n\t\t\t\t\t<\/div>\n\t\t\t\t<\/article>\n\t\t\t<\/div>\n\t\t\t<\/div><\/div>\n","protected":false},"excerpt":{"rendered":"<p> <a class=\"continue-reading-link\" href=\"https:\/\/aukrug-sien.com\/?page_id=1490\"><span>Weiterlesen&#8230;<\/span><i class=\"crycon-right-dir\"><\/i><\/a> <\/p>\n","protected":false},"author":1,"featured_media":0,"parent":0,"menu_order":0,"comment_status":"closed","ping_status":"closed","template":"","meta":{"footnotes":""},"class_list":["post-1490","page","type-page","status-publish","hentry"],"_links":{"self":[{"href":"https:\/\/aukrug-sien.com\/index.php?rest_route=\/wp\/v2\/pages\/1490","targetHints":{"allow":["GET"]}}],"collection":[{"href":"https:\/\/aukrug-sien.com\/index.php?rest_route=\/wp\/v2\/pages"}],"about":[{"href":"https:\/\/aukrug-sien.com\/index.php?rest_route=\/wp\/v2\/types\/page"}],"author":[{"embeddable":true,"href":"https:\/\/aukrug-sien.com\/index.php?rest_route=\/wp\/v2\/users\/1"}],"replies":[{"embeddable":true,"href":"https:\/\/aukrug-sien.com\/index.php?rest_route=%2Fwp%2Fv2%2Fcomments&post=1490"}],"version-history":[{"count":0,"href":"https:\/\/aukrug-sien.com\/index.php?rest_route=\/wp\/v2\/pages\/1490\/revisions"}],"wp:attachment":[{"href":"https:\/\/aukrug-sien.com\/index.php?rest_route=%2Fwp%2Fv2%2Fmedia&parent=1490"}],"curies":[{"name":"wp","href":"https:\/\/api.w.org\/{rel}","templated":true}]}}