{"id":151,"date":"2014-04-15T22:54:03","date_gmt":"2014-04-15T20:54:03","guid":{"rendered":"http:\/\/aukrug-sien.com\/?page_id=151"},"modified":"2020-06-28T11:13:27","modified_gmt":"2020-06-28T09:13:27","slug":"mitglied-werden","status":"publish","type":"page","link":"https:\/\/aukrug-sien.com\/?page_id=151","title":{"rendered":"Mitglied werden"},"content":{"rendered":"<h5><strong>Verwirklichte Projekte<\/strong><\/h5>\n<p>Hirsebank<br \/>\nAgrardarlehen<br \/>\nBau eines Gemeindehauses<br \/>\nPumpenbau<br \/>\nUnterst\u00fctzung f\u00fcr die Schulbildung<br \/>\nImpfstation<br \/>\nStoffbatiken<br \/>\nRegenwasserr\u00fcckhaltebecken<br \/>\nGartenbauprojekt<br \/>\nErweiterung der Schule<br \/>\nBau von 3 Lehrerwohnungen<br \/>\nMicrokreditprojekte<br \/>\nAusbildung zur Landbewirtschaftung und zur Aufforstung<br \/>\nVersammlungsraum<br \/>\nGeburts- und Krankenstation<br \/>\nSchafzuchtprojekt<\/p>\n<h5>Geplante Projekte und W\u00fcnsche der Dorfbev\u00f6lkerung<\/h5>\n<p>Erweiterung der Krankenstation<br \/>\nBau eines Wohnhauses f\u00fcr Pfleger<\/p>\n<h5><strong>Burkina Faso<\/strong><\/h5>\n<p>Burkina Faso hat 20,1 Millionen Einwohner.<br \/>\nEs ist eins der \u00e4rmsten L\u00e4nder der Welt.<br \/>\nDas Dorf Sien wird seit mehr als 25 Jahren von uns unterst\u00fctzt.<\/p>\n<h5><strong>Wir sind auf Ihre Hilfe angewiesen<\/strong><\/h5>\n<p>Durch jede Spende tragen Sie einen Teil dazu bei.<\/p>\n<h5><strong>Spendenkonto<\/strong><\/h5>\n<p>Partnerschaft Aukrug &#8211; Sien<br \/>\nIBAN DE68 2169 0020 0006 5202 27<br \/>\nBIC GENODEF1SLW<br \/>\nVR-Bank Schleswig-Mittelholstein eG<\/p>\n<h5><strong>Jetzt Mitglied werden<\/strong><\/h5>\n<p><a href=\"https:\/\/aukrug-sien.com\/wp-content\/uploads\/2020\/06\/Beitrittserkl\u00e4rung-neu-06-2020.pdf\" target=\"_blank\" rel=\"noopener noreferrer\"><strong>Beitrittserkl\u00e4rung<\/strong><\/a><\/p>\n<p>Alle Mitglieder unterliegen der <a href=\"https:\/\/aukrug-sien.com\/wp-content\/uploads\/2019\/11\/Satzung-Aukrug-Sien-2016.pdf\" target=\"_blank\" rel=\"noopener noreferrer\"><strong>Satzung<\/strong><\/a> des Vereins und verpflichten sich nach Aufnahme zur Erf\u00fcllung aller Verpflichtungen aus dieser Mitgliedschaft.<\/p>\n","protected":false},"excerpt":{"rendered":"<p>Verwirklichte Projekte Hirsebank Agrardarlehen Bau eines Gemeindehauses Pumpenbau Unterst\u00fctzung f\u00fcr die Schulbildung Impfstation Stoffbatiken Regenwasserr\u00fcckhaltebecken Gartenbauprojekt Erweiterung der Schule Bau von 3 Lehrerwohnungen Microkreditprojekte Ausbildung zur Landbewirtschaftung und zur Aufforstung Versammlungsraum Geburts- und Krankenstation Schafzuchtprojekt Geplante Projekte und W\u00fcnsche der Dorfbev\u00f6lkerung Erweiterung der Krankenstation Bau eines Wohnhauses f\u00fcr Pfleger Burkina&#8230;<\/p>\n<p> <a class=\"continue-reading-link\" href=\"https:\/\/aukrug-sien.com\/?page_id=151\"><span>Weiterlesen&#8230;<\/span><i class=\"crycon-right-dir\"><\/i><\/a> <\/p>\n","protected":false},"author":1,"featured_media":2519,"parent":0,"menu_order":0,"comment_status":"closed","ping_status":"closed","template":"","meta":{"footnotes":""},"class_list":["post-151","page","type-page","status-publish","has-post-thumbnail","hentry"],"_links":{"self":[{"href":"https:\/\/aukrug-sien.com\/index.php?rest_route=\/wp\/v2\/pages\/151","targetHints":{"allow":["GET"]}}],"collection":[{"href":"https:\/\/aukrug-sien.com\/index.php?rest_route=\/wp\/v2\/pages"}],"about":[{"href":"https:\/\/aukrug-sien.com\/index.php?rest_route=\/wp\/v2\/types\/page"}],"author":[{"embeddable":true,"href":"https:\/\/aukrug-sien.com\/index.php?rest_route=\/wp\/v2\/users\/1"}],"replies":[{"embeddable":true,"href":"https:\/\/aukrug-sien.com\/index.php?rest_route=%2Fwp%2Fv2%2Fcomments&post=151"}],"version-history":[{"count":8,"href":"https:\/\/aukrug-sien.com\/index.php?rest_route=\/wp\/v2\/pages\/151\/revisions"}],"predecessor-version":[{"id":3051,"href":"https:\/\/aukrug-sien.com\/index.php?rest_route=\/wp\/v2\/pages\/151\/revisions\/3051"}],"wp:featuredmedia":[{"embeddable":true,"href":"https:\/\/aukrug-sien.com\/index.php?rest_route=\/wp\/v2\/media\/2519"}],"wp:attachment":[{"href":"https:\/\/aukrug-sien.com\/index.php?rest_route=%2Fwp%2Fv2%2Fmedia&parent=151"}],"curies":[{"name":"wp","href":"https:\/\/api.w.org\/{rel}","templated":true}]}}